 -k**3 - 15*k**2 - 22*k - 54. Determine x(-12).
-222
Let z(a) = 127*a**3 - 1. Give z(-1).
-128
Let j(q) = -1471*q + 8827. Determine j(6).
1
Let n(h) = -3*h - 37. Calculate n(-9).
-10
Let i(l) = -56*l - 2669. Determine i(-46).
-93
Let l(k) = 27*k - 784. What is l(30)?
26
Let o(x) = 49*x + 1320. Calculate o(-27).
-3
Let i(o) = 30*o - 2809. Give i(85).
-259
Let h(s) = -s**3 - 95*s**2 + 825*s - 13. Give h(8).
-5
Let p(k) = k**3 + 204*k**2 - 1036*k + 1882. Calculate p(-209).
1
Let m(s) = -25*s - 48. Determine m(-3).
27
Let c(i) = -43*i**2 + 420*i + 69. Determine c(10).
-31
Let v(w) = -331*w + 406. Give v(3).
-587
Let k(g) = 3*g**2 + 5*g - 34. Calculate k(-4).
-6
Let q(r) = 1870*r + 13088. Determine q(-7).
-2
Let t(r) = -4*r**3 + 13*r**2 - 3*r + 6. What is t(3)?
6
Let k(n) = -1432*n + 14296. Determine k(10).
-24
Let r(g) = -38*g + 334. Calculate r(8).
30
Let x(d) = -36*d + 748. Give x(21).
-8
Let y(r) = r**2 + 1498*r + 122770. Determine y(-87).
13
Let f(w) = -3*w**2 + 46*w - 93. Give f(2).
-13
Let l(m) = -82*m + 267. What is l(6)?
-225
Let o(y) = y**2 + 116*y - 730. What is o(6)?
2
Let z(y) = -21*y - 389. Give z(-14).
-95
Let a(m) = -m**3 - 36*m**2 + 16*m - 700. Calculate a(-37).
77
Let a(u) = 54*u - 981. Give a(18).
-9
Let k(w) = -2*w**3 - 51*w**2 + 25*w + 44. What is k(-26)?
70
Let n(q) = 4*q**2 + 54*q - 668. Determine n(8).
20
Let k(d) = 3*d**2 + 104*d + 185. Determine k(-33).
20
Let o(r) = 2*r**3 + 11*r**2 + 20*r + 35. Calculate o(-4).
3
Let g(y) = -2*y**3 + 13*y - 21. Calculate g(2).
-11
Let r(q) = 7*q**3 - 3*q**2 - 620*q - 620. Give r(-1).
-10
Let j(i) = 3*i**2 + 21*i + 110. Give j(-14).
404
Let t(w) = 2*w**3 + 194*w**2 + 187*w - 505. Calculate t(-96).
-25
Let j(c) = -c**3 + 23*c**2 - 27*c + 110. Determine j(22).
0
Let h(m) = -90*m - 2785. Determine h(-31).
5
Let k(d) = -2*d**2 + 47*d + 42. What is k(26)?
-88
Let y(w) = w**2 - 23*w + 115. What is y(18)?
25
Let b(f) = -2*f**3 - 229*f**2 - 119*f - 572. What is b(-114)?
-2
Let h(r) = -2*r**2 + 417*r - 9176. Give h(25).
-1
Let o(i) = -103*i - 490. Calculate o(-13).
849
Let m(h) = 4*h**3 - 24*h**2 - 5*h + 23. What is m(6)?
-7
Let w(q) = -q**2 + 17*q - 22. Give w(12).
38
Let d(u) = -6*u**2 + 2*u + 18. Give d(-4).
-86
Let o(x) = 3*x**2 + 148*x + 154. What is o(-48)?
-38
Let r(n) = -2*n**3 + 7*n**2 - 11*n + 5. Calculate r(6).
-241
Let k(i) = 1384*i + 275418. Give k(-199).
2
Let k(q) = 137*q + 934. Give k(-7).
-25
Let x(o) = 61*o**2 - 608*o - 57. Give x(10).
-37
Let j(r) = 41*r**2 - 160*r - 29. What is j(4)?
-13
Let m(g) = 107*g**2 + 1929*g + 63. Give m(-18).
9
Let w(q) = 2*q**3 + 36*q**2 - 22*q + 66. Calculate w(-19).
-238
Let w(r) = -r**2 - 70*r - 660. Give w(-59).
-11
Let m(k) = -143*k - 4286. Determine m(-30).
4
Let o(y) = -y**3 - 77*y**2 - 2*y - 170. Determine o(-77).
-16
Let v(j) = -j**2 - 69*j - 114. What is v(0)?
-114
Let t(x) = -5*x**2 + 53*x + 25. What is t(-7)?
-591
Let u(w) = 35*w + 103. What is u(-3)?
-2
Let o(k) = -4*k**2 + 2*k - 38. Determine o(7).
-220
Let k(o) = o**3 + 58*o**2 + 2*o + 38. What is k(-58)?
-78
Let j(m) = -4*m**2 + 15*m + 745. Give j(-12).
-11
Let l(a) = 3*a**2 + 8*a - 5. Determine l(-5).
30
Let o(d) = -d**3 - 25*d**2 + 4. Give o(-25).
4
Let b(i) = i**2 - 13*i - 50. What is b(-3)?
-2
Let l(s) = -78*s - 5. Give l(-1).
73
Let q(d) = -11*d**2 - 15*d - 5. What is q(-2)?
-19
Let d(f) = -56*f + 39. Give d(3).
-129
Let z(u) = -52*u - 11. What is z(-1)?
41
Let p(n) = 510*n + 4100. Calculate p(-8).
20
Let t(l) = -5*l**2 - 197*l - 1890. What is t(-17)?
14
Let g(w) = -3*w**3 - 7*w**2 - 5*w - 12. What is g(-3)?
21
Let g(p) = 2*p**2 - 8*p - 229. Calculate g(-9).
5
Let s(u) = 5*u - 85. Give s(15).
-10
Let u(j) = -38*j - 265. Give u(-8).
39
Let z(l) = 433*l - 3450. Determine z(8).
14
Let w(f) = -4*f**2 - 56*f + 435. What is w(8)?
-269
Let o(f) = 3*f**2 - 36*f - 96. What is o(-5)?
159
Let u(t) = -9*t - 61. Determine u(7).
-124
Let w(a) = -568*a - 15319. Determine w(-27).
17
Let u(a) = -6*a**3 - 4*a**2 - 4*a - 3. Give u(-2).
37
Let m(o) = 4*o**2 + 99*o + 304. Give m(-17).
-223
Let t(l) = 4*l**2 + 536*l + 1581. What is t(-131)?
9
Let l(s) = 38*s + 700. Calculate l(-17).
54
Let h(q) = 3*q**3 + 68*q**2 + 409*q + 402. What is h(-13)?
-14
Let w(v) = v**2 - 302*v + 9320. Calculate w(35).
-25
Let h(o) = -2*o**3 + 13*o**2 - 45*o + 54. Give h(4).
-46
Let z(x) = -100*x + 557. Calculate z(5).
57
Let f(s) = -1206*s + 3619. What is f(3)?
1
Let d(r) = 162*r**2 - 23*r + 1. Determine d(2).
603
Let z(c) = -c**3 - 33*c**2 + 39*c + 148. Calculate z(-34).
-22
Let x(q) = 3*q + 22. Calculate x(-9).
-5
Let o(c) = -c**3 + 18*c**2 + 4*c - 89. Give o(0).
-89
Let t(i) = -i**3 - 17*i**2 - 29*i - 17. Determine t(-15).
-32
Let j(v) = 36*v - 184. Give j(5).
-4
Let o(r) = 2*r**2 - 1867*r - 7475. Give o(-4).
25
Let i(n) = -566*n + 3956. Give i(7).
-6
Let t(b) = -b**2 - 53*b + 3237. What is t(36)?
33
Let l(b) = 12*b**2 + 485*b - 284. Determine l(-41).
3
Let r(o) = 6*o**3 + 176*o**2 - 4*o - 1815. Calculate r(-29).
-17
Let g(y) = -y**3 - 6*y**2 - 13*y - 9. Determine g(-2).
1
Let j(f) = 2*f**3 - 235*f**2 + 1017*f - 23. Calculate j(113).
-23
Let w(o) = 6*o**3 - o. Calculate w(-2).
-46
Let a(j) = -2*j**2 - 71*j - 522. Give a(-23).
53
Let c(q) = q**3 + 27*q**2 + 168*q - 3. What is c(-18)?
-111
Let m(f) = -7*f. What is m(3)?
-21
Let p(g) = -g**3 - 16*g**2 - 52*g + 6. Determine p(-9).
-93
Let z(h) = 37*h - 23. Determine z(2).
51
Let o(j) = -337*j - 2319. Calculate o(-7).
40
Let l(n) = 24*n + 332. What is l(-19)?
-124
Let m(t) = -574*t**2 + 2862*t + 5. Calculate m(5).
-35
Let g(k) = -11*k - 210. Determine g(-20).
10
Let u(a) = -4*a**2 - 189*a - 9. What is u(-48)?
-153
Let d(q) = q**3 + 3*q**2 - 16*q + 5. What is d(4)?
53
Let k(b) = b**2 + 18*b + 12. Give k(14).
460
Let q(z) = -158*z**2 - 1275*z - 81. Give q(-8).
7
Let p(i) = i**3 + 7*i**2 - 12*i - 50. Calculate p(-3).
22
Let w(p) = -p**2 - 9*p + 533. Calculate w(19).
1
Let h(g) = -g**2 + 7*g + 49. Give h(16).
-95
Let f(x) = -x**2 + 18*x + 44. Determine f(23).
-71
Let c(l) = -23*l**2 + 22*l + 92. Determine c(-4).
-364
Let j(x) = 184*x - 15253. Give j(83).
19
Let h(l) = -2*l**3 + 93*l**2 - 75*l + 1338. Give h(46).
4
Let x(n) = -n**3 - 19*n**2 - 92*n - 33. Give x(-9).
-15
Let b(g) = -g**3 - 18*g**2 + 606*g + 10582. Calculate b(-17).
-9
Let j(c) = -6*c**2 + 44*c - 54. Determine j(12).
-390
Let j(p) = 6*p + 141. What is j(12)?
213
Let d(h) = -2*h**2 - 13*h + 280. Determine d(11).
-105
Let k(d) = 35*d - 124. Give k(11).
261
Let a(n) = -2*n**3 + 59*n**2 + 36*n - 193. Give a(30).
-13
Let j(f) = 19*f**2 - 141*f + 69. Determine j(7).
13
Let n(u) = -789*u - 119933. Calculate n(-152).
-5
Let l(k) = -5*k**2 - 26*k - 12. Give l(-6).
-36
Let m(z) = -2*z**2 - 138*z + 433. Give m(-72).
1
Let x(k) = -3*k**2 + 19*k - 17. Calculate x(1).
-1
Let v(r) = r**2 + 58*r + 860. Give v(-26).
28
Let s(a) = -a**3 + 8*a**2 + 17*a + 19. Give s(10).
-11
Let j(n) = -2*n**2 - 77*n + 692. Calculate j(-46).
2
Let p(k) = -k**2 - 18*k + 406. Determine p(13).
3
Let a(r) = -21*r + 121. Give a(5).
16
Let g(o) = -1352*o - 9499. Determine g(-7).
-35
Let b(x) = 2*x**2 - 631*x - 20724. Determine b(-30).
6
Let g(k) = 5*k**2 - 328*k + 1680. Calculate g(60).
0
Let k(n) = 61*n - 52. What is k(-2)?
-174
Let h(g) = g**3 + 56*g**2 + 7. Determine h(0).
7
Let s(u) = -3*u - 141. Determine s(-35).
-36
Let a(f) = -3*f**3 - f**2 - 9*f - 10. Calculate a(0).
-10
Let h(w) = w**3 + 14*w**2 - 95*w - 103. Calculate h(-19).
-103
Let o(c) = 7*c**2 + 236*c + 1403. Calculate o(-26).
-1
Let d(u) = -2*u**2 - 46*u - 320. Give d(-8).
-80
Let y(r) = -98*r**2 + r + 289. Give y(0).
289
Let u(w) = 1128*w - 10086. Calculate u(9).
66
Let t(y) = -256*y + 17385. Determine t(68).
-23
Let x(k) = -k**3 + 32*k**2 - 8. Determine x(32).
-8
Let x(v) = 36*v + 504. Calculate x(-15).
-36
Let z(y) = 15*y**2 + 35*y - 21. Give z(3).
219
Let w(m) = 11*m**2 + 238*m + 707. What is w(-3)?
92
Let h(x) = x**3 + 2*x**2 - 28*x - 36. What is h(-6)?
-12
Let z(h) = 416*h + 25380. Determine z(-61).
4
Let u(l) = 3*l**3 + 13*l**2 - 9*l - 1. What is u(-5)?
-6
Let n(q) = 2*q**3 - 17*q**2 + 45*q - 489. Determine n(9).
-3
Let h(k) = -7*k**2 - 5*k + 15. Give h(-3).
-33
Let j(k) = 7*k**2 - 104*k + 398. Give j(7).
13
Let m(z) = 18*z + 866. Determine m(-48).
2
Let w(f) = -39*f - 242. What i